{"id":157,"date":"2018-04-21T16:17:34","date_gmt":"2018-04-21T15:17:34","guid":{"rendered":"http:\/\/www.cerped.fr\/?page_id=157"},"modified":"2024-11-29T13:09:27","modified_gmt":"2024-11-29T12:09:27","slug":"annexe-1-extraits-du-code-civil","status":"publish","type":"page","link":"https:\/\/www.cerped.fr\/index.php\/travaux-du-cerped\/recommandations-aux-comites-de-protection-des-personnels-cpp\/recommandations-aux-comites-de-protection-des-personnes-examen-protocolec-recherche-concernant-les-mineurs\/annexe-1-extraits-du-code-civil\/","title":{"rendered":"Annexe 1 &#8211; Extraits du code civil"},"content":{"rendered":"<h2>mineur<\/h2>\n<p><em>Art. 488, 1er alin\u00e9a\u00a0:<\/em><\/p>\n<p style=\"padding-left: 30px;\">\u00ab\u00a0La majorit\u00e9 est fix\u00e9e \u00e0 dix-huit ans accomplis ; \u00e0 cet \u00e2ge, on est capable de tous les actes de la vie civile.\u00a0\u00bb<\/p>\n<hr \/>\n<h2>mineur \u00e9mancip\u00e9<\/h2>\n<p><em>Art. 477, 1er alin\u00e9a\u00a0:<\/em><\/p>\n<p style=\"padding-left: 30px;\">\u00ab\u00a0Le mineur, m\u00eame non mari\u00e9, pourra \u00eatre \u00e9mancip\u00e9 lorsqu&rsquo;il aura atteint l&rsquo;\u00e2ge de seize ans r\u00e9volus.\u00a0\u00bb<\/p>\n<p><em>Art. 413-7, 1er alin\u00e9a\u00a0:<\/em><\/p>\n<p style=\"padding-left: 30px;\">\u00ab\u00a0Le mineur \u00e9mancip\u00e9 cesse d&rsquo;\u00eatre sous l&rsquo;autorit\u00e9 de ses p\u00e8re et m\u00e8re.\u00a0\u00bb<\/p>\n<hr \/>\n<h2>autorit\u00e9 parentale<\/h2>\n<p><em>Article 371-1 Modifi\u00e9 par LOI n\u00b02013-404 du 17 mai 2013 &#8211; art. 13<\/em><\/p>\n<p style=\"padding-left: 30px;\">L&rsquo;autorit\u00e9 parentale est un ensemble de droits et de devoirs ayant pour finalit\u00e9 l&rsquo;int\u00e9r\u00eat de l&rsquo;enfant.<br \/>Elle appartient aux parents jusqu&rsquo;\u00e0 la majorit\u00e9 ou l&rsquo;\u00e9mancipation de l&rsquo;enfant pour le prot\u00e9ger dans sa s\u00e9curit\u00e9, sa sant\u00e9 et sa moralit\u00e9, pour assurer son \u00e9ducation et permettre son d\u00e9veloppement, dans le respect d\u00fb \u00e0 sa personne.<br \/>Les parents associent l&rsquo;enfant aux d\u00e9cisions qui le concernent, selon son \u00e2ge et son degr\u00e9 de maturit\u00e9<\/p>\n<p><em>Article 372 Modifi\u00e9 par LOI n\u00b02016-1547 du 18 novembre 2016 &#8211; art. 16<\/em><\/p>\n<p style=\"padding-left: 30px;\">Les p\u00e8re et m\u00e8re exercent en commun l&rsquo;autorit\u00e9 parentale.<br \/>Toutefois, lorsque la filiation est \u00e9tablie \u00e0 l&rsquo;\u00e9gard de l&rsquo;un d&rsquo;entre eux plus d&rsquo;un an apr\u00e8s la naissance d&rsquo;un enfant dont la filiation est d\u00e9j\u00e0 \u00e9tablie \u00e0 l&rsquo;\u00e9gard de l&rsquo;autre, celui-ci reste seul investi de l&rsquo;exercice de l&rsquo;autorit\u00e9 parentale. Il en est de m\u00eame lorsque la filiation est judiciairement d\u00e9clar\u00e9e \u00e0 l&rsquo;\u00e9gard du second parent de l&rsquo;enfant.<br \/>L&rsquo;autorit\u00e9 parentale pourra n\u00e9anmoins \u00eatre exerc\u00e9e en commun en cas de d\u00e9claration conjointe des p\u00e8re et m\u00e8re adress\u00e9e au directeur des services de greffe judiciaires du tribunal de grande instance ou sur d\u00e9cision du juge aux affaires familiales.<\/p>\n<p><em>Art. 372-2\u00a0:<\/em><\/p>\n<p style=\"padding-left: 30px;\">\u00ab\u00a0A l&rsquo;\u00e9gard des tiers de bonne foi, chacun des parents est r\u00e9put\u00e9 agir avec l&rsquo;accord de l&rsquo;autre, quand il fait seul un acte usuel de l&rsquo;autorit\u00e9 parentale relativement \u00e0 la personne de l&rsquo;enfant.\u00a0\u00bb<\/p>\n<p><em>Art. 373\u00a0:<\/em><\/p>\n<p style=\"padding-left: 30px;\">\u00ab\u00a0Est priv\u00e9 de l&rsquo;exercice de l&rsquo;autorit\u00e9 parentale le p\u00e8re ou la m\u00e8re qui est hors d&rsquo;\u00e9tat de manifester sa volont\u00e9, en raison de son incapacit\u00e9, de son absence ou de toute autre cause.\u00a0\u00bb<\/p>\n<p><em>Art. 373-1\u00a0:<\/em><\/p>\n<p style=\"padding-left: 30px;\">\u00ab\u00a0Si l&rsquo;un des p\u00e8re et m\u00e8re d\u00e9c\u00e8de ou se trouve priv\u00e9 de l&rsquo;exercice de l&rsquo;autorit\u00e9 parentale, l&rsquo;autre exerce seul cette autorit\u00e9.\u00a0\u00bb<\/p>\n\n\n<p><em>Art. 373-1&nbsp;:<\/em><\/p>\n\n\n\n<p>\u00ab&nbsp;Si l&rsquo;un des p\u00e8re et m\u00e8re d\u00e9c\u00e8de ou se trouve priv\u00e9 de l&rsquo;exercice de l&rsquo;autorit\u00e9 parentale, l&rsquo;autre exerce seul cette autorit\u00e9.&nbsp;\u00bb<\/p>\n","protected":false},"excerpt":{"rendered":"<p>mineur Art. 488, 1er alin\u00e9a\u00a0: \u00ab\u00a0La majorit\u00e9 est fix\u00e9e \u00e0 dix-huit ans accomplis ; \u00e0 cet \u00e2ge, on est capable de tous les actes de la vie civile.\u00a0\u00bb mineur \u00e9mancip\u00e9 Art. 477, 1er alin\u00e9a\u00a0: \u00ab\u00a0Le mineur, m\u00eame non mari\u00e9, pourra \u00eatre \u00e9mancip\u00e9 lorsqu&rsquo;il aura atteint l&rsquo;\u00e2ge de seize ans r\u00e9volus.\u00a0\u00bb Art. 413-7, 1er alin\u00e9a\u00a0: \u00ab\u00a0Le [&hellip;]<\/p>\n","protected":false},"author":1,"featured_media":0,"parent":490,"menu_order":0,"comment_status":"closed","ping_status":"closed","template":"","meta":{"_acf_changed":false,"footnotes":""},"class_list":["post-157","page","type-page","status-publish","hentry"],"acf":[],"_links":{"self":[{"href":"https:\/\/www.cerped.fr\/index.php\/wp-json\/wp\/v2\/pages\/157","targetHints":{"allow":["GET"]}}],"collection":[{"href":"https:\/\/www.cerped.fr\/index.php\/wp-json\/wp\/v2\/pages"}],"about":[{"href":"https:\/\/www.cerped.fr\/index.php\/wp-json\/wp\/v2\/types\/page"}],"author":[{"embeddable":true,"href":"https:\/\/www.cerped.fr\/index.php\/wp-json\/wp\/v2\/users\/1"}],"replies":[{"embeddable":true,"href":"https:\/\/www.cerped.fr\/index.php\/wp-json\/wp\/v2\/comments?post=157"}],"version-history":[{"count":3,"href":"https:\/\/www.cerped.fr\/index.php\/wp-json\/wp\/v2\/pages\/157\/revisions"}],"predecessor-version":[{"id":694,"href":"https:\/\/www.cerped.fr\/index.php\/wp-json\/wp\/v2\/pages\/157\/revisions\/694"}],"up":[{"embeddable":true,"href":"https:\/\/www.cerped.fr\/index.php\/wp-json\/wp\/v2\/pages\/490"}],"wp:attachment":[{"href":"https:\/\/www.cerped.fr\/index.php\/wp-json\/wp\/v2\/media?parent=157"}],"curies":[{"name":"wp","href":"https:\/\/api.w.org\/{rel}","templated":true}]}}