{"id":40,"date":"2018-04-19T10:49:50","date_gmt":"2018-04-19T09:49:50","guid":{"rendered":"http:\/\/www.cerped.fr\/?page_id=40"},"modified":"2024-11-26T09:53:05","modified_gmt":"2024-11-26T08:53:05","slug":"contribution-a-levolution-legislative-et-reglementaire","status":"publish","type":"page","link":"https:\/\/www.cerped.fr\/index.php\/travaux-du-cerped\/contribution-a-levolution-legislative-et-reglementaire\/","title":{"rendered":"Contribution \u00e0 l&rsquo;\u00e9volution l\u00e9gislative et r\u00e9glementaire"},"content":{"rendered":"\t\t<div data-elementor-type=\"wp-page\" data-elementor-id=\"40\" class=\"elementor elementor-40\">\n\t\t\t\t\t\t\t<div class=\" elementor-element elementor-element-5467c55 e-flex e-con-boxed e-con e-parent\" data-id=\"5467c55\" data-element_type=\"container\" data-e-type=\"container\">\r\n\t\t\t\t\t\t\t<div class=\"e-con-inner\">\r\n\t\t\t\t\t\t\t<div class=\" elementor-element elementor-element-6dd7797 e-con-full e-flex e-con e-child\" data-id=\"6dd7797\" data-element_type=\"container\" data-e-type=\"container\">\r\n\t\t\t\t\t<div class=\"elementor-element elementor-element-1881086 elementor-widget elementor-widget-heading\" data-id=\"1881086\" data-element_type=\"widget\" data-e-type=\"widget\" data-widget_type=\"heading.default\">\n\t\t\t\t<div class=\"elementor-widget-container\">\n\t\t\t\t\t<h2 class=\"elementor-heading-title elementor-size-default\">Liste des travaux et contributions<\/h2>\t\t\t\t<\/div>\n\t\t\t\t<\/div>\n\t\t\t\t<div class=\"elementor-element elementor-element-2310c33 elementor-widget elementor-widget-text-editor\" data-id=\"2310c33\" data-element_type=\"widget\" data-e-type=\"widget\" data-widget_type=\"text-editor.default\">\n\t\t\t\t<div class=\"elementor-widget-container\">\n\t\t\t\t\t\t\t\t\t<p>Le CERPed contribue \u00e0 l\u2019\u00e9volution l\u00e9gislative et r\u00e9glementaire concernant la recherche en p\u00e9diatrie.<\/p>\t\t\t\t\t\t\t\t<\/div>\n\t\t\t\t<\/div>\n\t\t\t\t<div class=\"elementor-element elementor-element-63228af elementor-widget-divider--view-line elementor-widget elementor-widget-divider\" data-id=\"63228af\" data-element_type=\"widget\" data-e-type=\"widget\" data-widget_type=\"divider.default\">\n\t\t\t\t<div class=\"elementor-widget-container\">\n\t\t\t\t\t\t\t<div class=\"elementor-divider\">\n\t\t\t<span class=\"elementor-divider-separator\">\n\t\t\t\t\t\t<\/span>\n\t\t<\/div>\n\t\t\t\t\t\t<\/div>\n\t\t\t\t<\/div>\n\t\t\r\n\t\t\t<\/div>\r\n\t\t\t\t\t\t\t<\/div>\r\n\t\t\t\t\r\n\t\t\t<\/div>\r\n\t\t\t\t\t\t<div class=\" elementor-element elementor-element-14955ea e-grid e-con-boxed e-con e-parent\" data-id=\"14955ea\" data-element_type=\"container\" data-e-type=\"container\">\r\n\t\t\t\t\t\t\t<div class=\"e-con-inner\">\r\n\t\t\t\t\t\t\t<div class=\" elementor-element elementor-element-e8ceadc e-con-full e-flex e-con e-child\" data-id=\"e8ceadc\" data-element_type=\"container\" data-e-type=\"container\">\r\n\t\t\t\t\t\t<div class=\" elementor-element elementor-element-7ebac6c e-con-full e-flex e-con e-child\" data-id=\"7ebac6c\" data-element_type=\"container\" data-e-type=\"container\" data-settings=\"{&quot;background_background&quot;:&quot;classic&quot;}\">\r\n\t\t\t\t\t<div class=\"elementor-element elementor-element-1016e35 elementor-widget elementor-widget-heading\" data-id=\"1016e35\" data-element_type=\"widget\" data-e-type=\"widget\" data-widget_type=\"heading.default\">\n\t\t\t\t<div class=\"elementor-widget-container\">\n\t\t\t\t\t<h5 class=\"elementor-heading-title elementor-size-default\">Contribution du CERPed \u00e0 la r\u00e9vision des Lois de Bio\u00e9tique en mati\u00e8re de d\u00e9pistage g\u00e9n\u00e9tique chez les mineurs et des proc\u00e9dures \u00e0 mettre en place lorsque le mineur devient majeur<\/h5>\t\t\t\t<\/div>\n\t\t\t\t<\/div>\n\t\t\t\t<div class=\"elementor-element elementor-element-0842d23 elementor-widget elementor-widget-button\" data-id=\"0842d23\" data-element_type=\"widget\" data-e-type=\"widget\" data-widget_type=\"button.default\">\n\t\t\t\t<div class=\"elementor-widget-container\">\n\t\t\t\t\t\t\t\t\t<div class=\"elementor-button-wrapper\">\n\t\t\t\t\t<a class=\"elementor-button elementor-button-link elementor-size-sm\" href=\"https:\/\/www.cerped.fr\/index.php\/recherches-innovantes-pediatrie-impacts-vie-famille\/\" target=\"_blank\">\n\t\t\t\t\t\t<span class=\"elementor-button-content-wrapper\">\n\t\t\t\t\t\t\t\t\t<span class=\"elementor-button-text\">Consulter les remarques<\/span>\n\t\t\t\t\t<\/span>\n\t\t\t\t\t<\/a>\n\t\t\t\t<\/div>\n\t\t\t\t\t\t\t\t<\/div>\n\t\t\t\t<\/div>\n\t\t\t\t<div class=\"elementor-element elementor-element-30d1de3 elementor-widget elementor-widget-text-editor\" data-id=\"30d1de3\" data-element_type=\"widget\" data-e-type=\"widget\" data-widget_type=\"text-editor.default\">\n\t\t\t\t<div class=\"elementor-widget-container\">\n\t\t\t\t\t\t\t\t\t<p>Le CERPed a particip\u00e9 \u00e0 plusieurs rencontres organis\u00e9es par le <a href=\"https:\/\/www.ccne-ethique.fr\/\" target=\"_blank\" rel=\"noopener\"><strong>CCNE &#8211; Comit\u00e9 Consultatif National d\u2019\u00c9thique<\/strong><\/a> \/ pour les sciences de la vie et de la sant\u00e9 &#8211; (avril et mai 2018) dans le cadre des <strong>\u00c9tats g\u00e9n\u00e9raux de la bio\u00e9thique<\/strong>.<\/p>\t\t\t\t\t\t\t\t<\/div>\n\t\t\t\t<\/div>\n\t\t\t\t\t<div class=\" elementor-element elementor-element-83515ac e-grid e-con-full e-con e-child\" data-id=\"83515ac\" data-element_type=\"container\" data-e-type=\"container\">\r\n\t\t\t\t\t<div class=\"elementor-element elementor-element-315efce elementor-widget elementor-widget-image\" data-id=\"315efce\" data-element_type=\"widget\" data-e-type=\"widget\" data-widget_type=\"image.default\">\n\t\t\t\t<div class=\"elementor-widget-container\">\n\t\t\t\t\t\t\t\t\t\t\t\t\t\t\t<img decoding=\"async\" width=\"300\" height=\"140\" src=\"https:\/\/www.cerped.fr\/wp-content\/uploads\/2018\/05\/logo_egb-bioethique-300x140.jpg\" class=\"attachment-medium size-medium wp-image-363\" alt=\"Etat G\u00e9n\u00e9raux de la Bio\u00e9thique 2018\" \/>\t\t\t\t\t\t\t\t\t\t\t\t\t\t\t<\/div>\n\t\t\t\t<\/div>\n\t\t\t\t<div class=\"elementor-element elementor-element-25efe2e elementor-widget elementor-widget-image\" data-id=\"25efe2e\" data-element_type=\"widget\" data-e-type=\"widget\" data-widget_type=\"image.default\">\n\t\t\t\t<div class=\"elementor-widget-container\">\n\t\t\t\t\t\t\t\t\t\t\t\t\t\t\t\t<a href=\"https:\/\/www.ccne-ethique.fr\/\" target=\"_blank\">\n\t\t\t\t\t\t\t<img fetchpriority=\"high\" decoding=\"async\" width=\"300\" height=\"169\" src=\"https:\/\/www.cerped.fr\/wp-content\/uploads\/2018\/05\/comite-consultatif-national-d-ethique-ccne-300x169.jpg\" class=\"attachment-medium size-medium wp-image-364\" alt=\"Comit\u00e9 consultatif d&#039;\u00c9thique\" \/>\t\t\t\t\t\t\t\t<\/a>\n\t\t\t\t\t\t\t\t\t\t\t\t\t\t\t<\/div>\n\t\t\t\t<\/div>\n\t\t\r\n\t\t\t<\/div>\r\n\t\t\t\r\n\t\t\t<\/div>\r\n\t\t\t\t\t\t<div class=\" elementor-element elementor-element-7a8d6cc e-con-full e-flex e-con e-child\" data-id=\"7a8d6cc\" data-element_type=\"container\" data-e-type=\"container\" data-settings=\"{&quot;background_background&quot;:&quot;classic&quot;}\">\r\n\t\t\t\t\t<div class=\"elementor-element elementor-element-06f2fed elementor-widget elementor-widget-heading\" data-id=\"06f2fed\" data-element_type=\"widget\" data-e-type=\"widget\" data-widget_type=\"heading.default\">\n\t\t\t\t<div class=\"elementor-widget-container\">\n\t\t\t\t\t<h4 class=\"elementor-heading-title elementor-size-default\">Aide \u00e0 la r\u00e9daction des notices d\u2019information<\/h4>\t\t\t\t<\/div>\n\t\t\t\t<\/div>\n\t\t\t\t<div class=\"elementor-element elementor-element-308cfd1 elementor-widget elementor-widget-heading\" data-id=\"308cfd1\" data-element_type=\"widget\" data-e-type=\"widget\" data-widget_type=\"heading.default\">\n\t\t\t\t<div class=\"elementor-widget-container\">\n\t\t\t\t\t<h5 class=\"elementor-heading-title elementor-size-default\">L\u2019information des parents et des jeunes filles mineures pour la contraception au d\u00e9cours d\u2019une recherche portant sur un produit de sant\u00e9 et anticipation d\u2019une grossesse \u00e9ventuelle.<\/h5>\t\t\t\t<\/div>\n\t\t\t\t<\/div>\n\t\t\t\t<div class=\"elementor-element elementor-element-9d2b99d elementor-widget elementor-widget-text-editor\" data-id=\"9d2b99d\" data-element_type=\"widget\" data-e-type=\"widget\" data-widget_type=\"text-editor.default\">\n\t\t\t\t<div class=\"elementor-widget-container\">\n\t\t\t\t\t\t\t\t\t<p><strong>Mises \u00e0 jour 2024<\/strong> &#8211; Sur des sujets difficiles pr\u00eatant parfois \u00e0 interpr\u00e9tation, le CERPed propose une aide \u00e0 la r\u00e9daction des notices d\u2019informations destin\u00e9es aux parents et aux mineurs.<\/p><p>Ce document fait r\u00e9f\u00e9rence aux textes en vigueur actuellement en France.<\/p>\t\t\t\t\t\t\t\t<\/div>\n\t\t\t\t<\/div>\n\t\t\t\t<div class=\"elementor-element elementor-element-1dd9a16 elementor-widget elementor-widget-button\" data-id=\"1dd9a16\" data-element_type=\"widget\" data-e-type=\"widget\" data-widget_type=\"button.default\">\n\t\t\t\t<div class=\"elementor-widget-container\">\n\t\t\t\t\t\t\t\t\t<div class=\"elementor-button-wrapper\">\n\t\t\t\t\t<a class=\"elementor-button elementor-button-link elementor-size-sm\" href=\"https:\/\/www.cerped.fr\/index.php\/annexe-8b-recommandations-cerped-aide-redaction-notice-recherche-biomedicale-mineure-contraception-grossesse\/\" target=\"_blank\">\n\t\t\t\t\t\t<span class=\"elementor-button-content-wrapper\">\n\t\t\t\t\t\t\t\t\t<span class=\"elementor-button-text\">Consulter les recommandations<\/span>\n\t\t\t\t\t<\/span>\n\t\t\t\t\t<\/a>\n\t\t\t\t<\/div>\n\t\t\t\t\t\t\t\t<\/div>\n\t\t\t\t<\/div>\n\t\t\r\n\t\t\t<\/div>\r\n\t\t\t\r\n\t\t\t<\/div>\r\n\t\t\t\t\t\t<div class=\" elementor-element elementor-element-05bb5bc e-con-full e-flex e-con e-child\" data-id=\"05bb5bc\" data-element_type=\"container\" data-e-type=\"container\">\r\n\t\t\t\t\t\t<div class=\" elementor-element elementor-element-5515544 e-con-full e-flex e-con e-child\" data-id=\"5515544\" data-element_type=\"container\" data-e-type=\"container\" data-settings=\"{&quot;background_background&quot;:&quot;classic&quot;}\">\r\n\t\t\t\t\t<div class=\"elementor-element elementor-element-355af46 elementor-widget elementor-widget-heading\" data-id=\"355af46\" data-element_type=\"widget\" data-e-type=\"widget\" data-widget_type=\"heading.default\">\n\t\t\t\t<div class=\"elementor-widget-container\">\n\t\t\t\t\t<h5 class=\"elementor-heading-title elementor-size-default\">Loi Jard\u00e9 relative \u00e0 la recherche sur la personne humaine\nContributions du CERPed \u00e0 la r\u00e9daction<\/h5>\t\t\t\t<\/div>\n\t\t\t\t<\/div>\n\t\t\t\t<div class=\"elementor-element elementor-element-2713071 elementor-widget elementor-widget-button\" data-id=\"2713071\" data-element_type=\"widget\" data-e-type=\"widget\" data-widget_type=\"button.default\">\n\t\t\t\t<div class=\"elementor-widget-container\">\n\t\t\t\t\t\t\t\t\t<div class=\"elementor-button-wrapper\">\n\t\t\t\t\t<a class=\"elementor-button elementor-button-link elementor-size-sm\" href=\"https:\/\/www.cerped.fr\/index.php\/contribution-du-cerped-a-la-redaction-de-la-loi-jarde-relative-a-la-recherche-sur-la-personne-humaine\/\" target=\"_blank\">\n\t\t\t\t\t\t<span class=\"elementor-button-content-wrapper\">\n\t\t\t\t\t\t\t\t\t<span class=\"elementor-button-text\">Consulter les contributions<\/span>\n\t\t\t\t\t<\/span>\n\t\t\t\t\t<\/a>\n\t\t\t\t<\/div>\n\t\t\t\t\t\t\t\t<\/div>\n\t\t\t\t<\/div>\n\t\t\t\t<div class=\"elementor-element elementor-element-2a15a7e elementor-widget elementor-widget-text-editor\" data-id=\"2a15a7e\" data-element_type=\"widget\" data-e-type=\"widget\" data-widget_type=\"text-editor.default\">\n\t\t\t\t<div class=\"elementor-widget-container\">\n\t\t\t\t\t\t\t\t\t<p>En 2009, lors de l\u2019\u00e9laboration de la loi Jard\u00e9, le CERPed a \u00e9t\u00e9 entendu par la commission du S\u00e9nat sur les \u00e9volutions l\u00e9gislatives qu\u2019il jugeait n\u00e9cessaire en mati\u00e8re de recherche clinique en p\u00e9diatrie. Sur les 5 propositions du CERPed, 4 ont \u00e9t\u00e9 retenues et publi\u00e9es dans les nouveaux textes de Loi du 5 mars 2012 ou dans les d\u00e9crets d\u2019application du 16 novembre 2016.<\/p>\t\t\t\t\t\t\t\t<\/div>\n\t\t\t\t<\/div>\n\t\t\t\t<div class=\"elementor-element elementor-element-4ea7b86 elementor-widget elementor-widget-image\" data-id=\"4ea7b86\" data-element_type=\"widget\" data-e-type=\"widget\" data-widget_type=\"image.default\">\n\t\t\t\t<div class=\"elementor-widget-container\">\n\t\t\t\t\t\t\t\t\t\t\t\t\t\t\t<img decoding=\"async\" width=\"650\" height=\"124\" src=\"https:\/\/www.cerped.fr\/wp-content\/uploads\/2018\/05\/CodeSantePublique-FR-CERPed.png\" class=\"attachment-large size-large wp-image-369\" alt=\"Code de la Sant\u00e9 Publique France\" \/>\t\t\t\t\t\t\t\t\t\t\t\t\t\t\t<\/div>\n\t\t\t\t<\/div>\n\t\t\r\n\t\t\t<\/div>\r\n\t\t\t\r\n\t\t\t<\/div>\r\n\t\t\t\t\t\t\t<\/div>\r\n\t\t\t\t\r\n\t\t\t<\/div>\r\n\t\t\t\t\t<\/div>\n\t\t","protected":false},"excerpt":{"rendered":"<p>Liste des travaux et contributions Le CERPed contribue \u00e0 l\u2019\u00e9volution l\u00e9gislative et r\u00e9glementaire concernant la recherche en p\u00e9diatrie. Contribution du CERPed \u00e0 la r\u00e9vision des Lois de Bio\u00e9tique en mati\u00e8re de d\u00e9pistage g\u00e9n\u00e9tique chez les mineurs et des proc\u00e9dures \u00e0 mettre en place lorsque le mineur devient majeur Consulter les remarques Le CERPed a particip\u00e9 [&hellip;]<\/p>\n","protected":false},"author":1,"featured_media":0,"parent":30,"menu_order":0,"comment_status":"closed","ping_status":"closed","template":"","meta":{"_acf_changed":false,"footnotes":""},"class_list":["post-40","page","type-page","status-publish","hentry"],"acf":[],"_links":{"self":[{"href":"https:\/\/www.cerped.fr\/index.php\/wp-json\/wp\/v2\/pages\/40","targetHints":{"allow":["GET"]}}],"collection":[{"href":"https:\/\/www.cerped.fr\/index.php\/wp-json\/wp\/v2\/pages"}],"about":[{"href":"https:\/\/www.cerped.fr\/index.php\/wp-json\/wp\/v2\/types\/page"}],"author":[{"embeddable":true,"href":"https:\/\/www.cerped.fr\/index.php\/wp-json\/wp\/v2\/users\/1"}],"replies":[{"embeddable":true,"href":"https:\/\/www.cerped.fr\/index.php\/wp-json\/wp\/v2\/comments?post=40"}],"version-history":[{"count":15,"href":"https:\/\/www.cerped.fr\/index.php\/wp-json\/wp\/v2\/pages\/40\/revisions"}],"predecessor-version":[{"id":1442,"href":"https:\/\/www.cerped.fr\/index.php\/wp-json\/wp\/v2\/pages\/40\/revisions\/1442"}],"up":[{"embeddable":true,"href":"https:\/\/www.cerped.fr\/index.php\/wp-json\/wp\/v2\/pages\/30"}],"wp:attachment":[{"href":"https:\/\/www.cerped.fr\/index.php\/wp-json\/wp\/v2\/media?parent=40"}],"curies":[{"name":"wp","href":"https:\/\/api.w.org\/{rel}","templated":true}]}}